Suppose 39*l + 50 + 49 = -174. Let x(z) = 4*z - 23. Calculate x(l).
-51
Let p(b) = -b**3 + 2*b + 5. Let m(v) = -55*v - 275. Let f be m(-5). Determine p(f).
5
Let b be (-2*6/30)/((-2)/(-10)). Let w be (-5)/b*(-32)/(-40). Let k(z) = z**3 - 2*z**2 + z. Determine k(w).
2
Let m(j) be the second derivative of 7*j**3/2 - 57*j**2 - j. What is m(6)?
12
Let q(s) = 10*s - 77. Let a be q(9). Let z(m) = m**3 + 0*m - a*m + 42 - 7*m - m**2 + 21*m. Calculate z(0).
42
Let h = -376 - -382. Let g(m) = 3 - h*m + 5*m + 8*m. Give g(-4).
-25
Let p(h) = -h + 1. Let n(r) = r**2 + 8*r - 9. Let w(u) = n(u) + 6*p(u). Let k = 77 - 36. Let b = 45 - k. Calculate w(b).
21
Let y(v) = v**3 - 3*v**2 - 2*v - 5. Let t(r) = 5*r**2 + 117*r + 418. Let m be t(-19). Calculate y(m).
-5
Let w(m) be the third derivative of -m**5/15 - m**4 + 23*m**3/6 - m**2 - 851*m. What is w(1)?
-5
Let w(f) be the second derivative of -f**5/20 + 5*f**4/3 - 11*f**3/3 + 17*f - 47. Give w(19).
-57
Let x(d) = 3*d**2 - d - 16. Let w(c) = -4*c**2 + c + 20. Let f(k) = -4*w(k) - 5*x(k). Let z(s) = 28*s**2 + 21*s. Let q(l) = 42*f(l) - 2*z(l). Determine q(-1).
-14
Suppose -67 = -87*u + 91*u - w, 13 = u + 4*w. Let f(v) = 11*v + 166. Calculate f(u).
1
Let k(p) be the second derivative of -p**5/20 + p**4/6 - 2*p**3/3 + 39*p**2/2 - 13*p + 158. Calculate k(4).
-9
Let t(r) = -r**3 + 5*r**2 + 3*r + 25. Suppose -13*u + 4*y + 26 = -10*u, -2*y = -u + 10. Determine t(u).
7
Suppose -4*l = -2*c + 12, -2*l = -l + c - 3. Let q = 3 + l. Let z(v) = v**2 - v - 4*v**3 - q + 2*v**3 + 5 + v**3. Give z(0).
3
Let q = 21 + -12. Let v be (10/4)/(80/160). Let f(p) = 3 + 3*p - 5*p - 6 + 10 + v. What is f(q)?
-6
Let x = 4983 + -4970. Let b(p) = -3*p**3 + 14*p**2 - 14*p + 9. Let r(y) = -7*y**3 + 28*y**2 - 28*y + 19. Let t(i) = -5*b(i) + 2*r(i). Determine t(x).
6
Let d(y) = 15*y - 1. Suppose -7*f - 3 = -24. Suppose -2*h + j = -5, 4*h + f*j - 8*j - 19 = 0. Give d(h).
14
Let y(l) = 2*l + 0*l - 10 + 2*l - 5*l. Suppose -74*s = -226 + 744. Determine y(s).
-3
Let o(a) = -32 - 109 + 363 - 7*a - 112. What is o(15)?
5
Let d(b) = -b**3 + 0*b**3 - b + 20*b**2 - 3*b + 11 - 7 + 14*b**2 - 40*b**2. Let h be ((-2)/(-4))/((-2)/8). Let o be (2 - 4/h)*-1. Calculate d(o).
-12
Let o = -601 - -306. Let c = -294 - o. Let b(t) = 4*t - 6*t - t. Give b(c).
-3
Let c(h) = h**3 + 5*h**2 + 3*h - 3. Suppose 59*s + 207 = 36*s. Let l be (-2 - -7) + s + 1. Give c(l).
6
Let f(j) = -j**2 - 57*j - 4. Let d be f(0). Let z(y) = -2 - 2*y**2 - 3*y**3 - 2*y**2 - 6*y + 2*y**3. Determine z(d).
22
Let i = 106 + -52. Let p be (-1 - -2)*i/9. Let a(u) = -33*u - 17. Let m(x) = 11*x + 6. Let y(d) = p*a(d) + 17*m(d). What is y(1)?
-11
Let p = -380 - -382. Suppose 0 = p*y + 3*c + 2, -14 = -4*y + c + 2*c. Let z(o) be the first derivative of o**4/4 - 2*o**3/3 - o**2/2 + o + 3. Calculate z(y).
-1
Let r(a) be the first derivative of -a**3/3 + 3*a + 601. Suppose 0 = 5*o + 6 + 39. Let t be 2/o + 29/9. Calculate r(t).
-6
Let t be 724/16 - (-16)/(-64). Suppose -26*x - 285 = -t*x. Let u(y) = y**3 - 14*y**2 - 15*y - 10. What is u(x)?
-10
Let j(i) = -2*i**2 + 1502*i + 2 + 1554*i - 3067*i. Calculate j(-9).
-61
Let z be (-4)/3*162/(-12). Suppose b - z = -b. Let q(g) = g**2 - 4*g**2 + 4*g**2 + 8 - b*g. Determine q(6).
-10
Let g be (130/(-4 + -6))/(-6 - -7). Let z(p) = -p**3 - 14*p**2 - 7*p + 70. What is z(g)?
-8
Let m be ((-28)/(-84))/((-1)/(-18)). Let a(q) = -q**2 - 6*q**2 - 4*q**3 + 15*q**2 + 3*q**3 - m*q + 2 - q**2. What is a(6)?
2
Let r(x) = 2*x**2 - 31*x + 1. Let a = 3633 + -3618. Calculate r(a).
-14
Let q be -1*2*(-2)/(-4). Let s(o) be the first derivative of o**4/4 - o**3/6 - o**2 - 35*o + 24. Let c(l) be the second derivative of s(l). Determine c(q).
-7
Let p(o) = -128*o + 119. Let u be p(1). Let r(v) = -7*v - 67. Determine r(u).
-4
Let v(k) be the second derivative of 1/2*k**2 + 0 + 1/6*k**4 - 1/5*k**5 + 50*k - 1/3*k**3. Determine v(1).
-3
Let y(u) be the third derivative of -11/24*u**4 + 0*u + 1/60*u**5 + 0 + 2*u**3 + 110*u**2. Calculate y(9).
-6
Let c(q) = -q - 1. Suppose 4*t - 3*k - 854 = -0*k, -k - 2 = 0. Let v = t - 206. Calculate c(v).
-7
Let s(y) = -y**3 + 9*y**2 - 12*y - 9. Let m be s(7). Let g(v) be the third derivative of -5/6*v**3 + 0 + 0*v + 1/60*v**5 - 1/12*v**4 + 27*v**2. Calculate g(m).
10
Let b be ((-8)/(-20))/((-4)/(-20)). Suppose -4*g - 5*s - 56 - 17 = 0, 0 = b*s + 10. Let h(u) = 2*u + 15. Calculate h(g).
-9
Let t(b) = -b**3 - 2*b - 4. Let u = 140 - 140. Let o be (u - 6)/(26/13). Calculate t(o).
29
Let l be (((-4485)/15)/13)/(-1). Let t(i) = i**2 - 23*i - 5. What is t(l)?
-5
Let g(c) = c**3 - 2*c**2 + 3*c - 3. Let w(z) = 3*z**3 - 6*z**2 + 9*z - 8. Let q(h) = -8*g(h) + 3*w(h). Let t(o) = 48*o - 526. Let f be t(11). What is q(f)?
6
Let m(z) be the third derivative of 1/24*z**4 - 5/2*z**3 + 0 + 1/180*z**6 + 0*z - 1/40*z**5 - 12*z**2. Let o(y) be the first derivative of m(y). What is o(3)?
10
Let d(n) = -n**3 + n**2 + n + 1. Let j = -3987 - -3987. Give d(j).
1
Let i(m) = -3*m + 16. Let r be 3 + 12/15 - (-9)/45. Give i(r).
4
Let b = 55 + -57. Let v be ((-7)/(-21))/(b/(-78)). Suppose v = -5*k - 4*p, 20 = -4*k - p + 3. Let s(g) = -g**2 - 7*g - 7. What is s(k)?
3
Let h(f) = 1 + 0 - 2 - 12*f + 2*f**2. Suppose 54 = 47*b - 38*b. Calculate h(b).
-1
Let g(z) = 12*z - 13. Let j be (1 + 7)*(-207 + 206). Give g(j).
-109
Let g(q) = -q**2 - 10*q - 4. Let j be ((-22)/12 + 2)/(14/168). Let w be j*(-40)/(-4 - -12). Determine g(w).
-4
Let x(r) = r**2 - 4*r - 1. Let q = 753 - 735. Suppose q*p - 9*p = 27. Give x(p).
-4
Let o(i) = -i**3 + 122*i**2 + 10*i - 1218. Let t be o(122). Let q(n) = n**2 - 2*n + 4. What is q(t)?
4
Let i(j) be the third derivative of j**6/120 - 11*j**5/60 - 25*j**4/6 + j**3 - 20*j**2 + 13. Give i(-6).
-6
Let r(j) be the second derivative of -j**4/6 - j**3 - 5*j**2/2 - 103*j. Let w be r(-3). Let l(q) = -3*q + 4. Determine l(w).
19
Let b(u) = -11*u**3 - 8*u**2 - 2*u + 7. Let h(i) = -20*i**3 - 15*i**2 - 3*i + 14. Let x(o) = -9*b(o) + 5*h(o). What is x(4)?
-93
Let h(s) = 3*s - 3. Let y(d) = 4*d**2 - 2*d + 16 - d - 56*d**2 - 14. Let g be y(1). Let o = 49 + g. Give h(o).
-15
Let w(k) = 240*k**2 - 61*k + 10. Let l be w(5). Let p(a) = -3*a**2 - 5701 + 4*a**2 + 5*a + l. Suppose -c = -2*c - 3. Give p(c).
-2
Let n be (-5 - 3/(-3))/(((-170)/(-10))/68). Let l(t) = -t - 4. Give l(n).
12
Let n = 1506 + -1511. Let l(q) = -9*q - 28. Determine l(n).
17
Suppose 0 = -g + 20*g - 2641. Let n(x) = -x - 1 - x + 4*x + g*x**2 - 270*x**2 + 138*x**2. Let v be (2/6)/((-1)/(-3)). Give n(v).
8
Let a(v) = 1008*v - 18. Let o(m) = 233*m - 4. Let q(z) = 2*a(z) - 9*o(z). Determine q(-1).
81
Let v(r) = 6*r + 2. Let b(p) = -21*p - 38. Let n(u) = b(u) + 6*v(u). Determine n(6).
64
Let z(s) be the first derivative of -26*s**2 + 207*s + 168. Let a be z(4). Let b(j) be the second derivative of 4*j**3/3 - 2*j. What is b(a)?
-8
Let h(n) = 381*n + 33. Let f(l) = 91*l + 8. Let t(z) = 21*f(z) - 5*h(z). What is t(-7)?
-39
Let n(h) be the second derivative of 1/12*h**4 + 12 - 3/2*h**2 + 2/3*h**3 + 2*h. Calculate n(-6).
9
Suppose 0 = 4*s - 10*s + 42. Let f(o) = o**3 - 5*o**2 + 6*o + 4. Let x be f(3). Let q(h) = 2 - h - x + 6. What is q(s)?
-3
Let s(u) = -u**2 + 3*u. Let z(l) = 3*l**2 - 10*l. Let d = 318 + -311. Let m(r) = d*s(r) + 2*z(r). Let y be -2*(4 - 0)/2. Determine m(y).
-20
Suppose -45 = -75*i + 90*i. Let h(s) = -2*s**2 + 5*s + 8. Determine h(i).
-25
Let i(t) = 19*t**3 + 275*t**2 - 32*t - 53. Let l(g) = -17*g**3 - 249*g**2 + 32*g + 53. Let p(z) = -9*i(z) - 10*l(z). Determine p(12).
-5
Let g be (-23)/(-5) + 4/10. Let t(j) = -8*j**3 - 28*j**2 + 9*j + 2. Let h(z) = -5*z**3 - 16*z**2 + 5*z + 1. Let r(s) = 5*h(s) - 3*t(s). Give r(g).
-36
Suppose -13 = -4*x - 1. Let q be 12/(-16)*(-7 + x). Suppose 11*c = 6*c - 4*g - q, -5*c + 9 = -2*g. Let b(h) = -h**3 - h + 1. Determine b(c).
-1
Suppose 146*n - 1113 - 795 = -13*n. Let c(z) = -z + 15*z + 4*z**3 - 15 - 5*z**3 - 13*z**2 + 2*z**3. Give c(n).
9
Suppose -92*v - 3 = 7*v + 96. Let o(g) = -1 + 2*g**2 + 1 - 1 + 10*g**3. Determine o(v).
-9
Let d(z) = 7*z + 4. Let h(g) = -g**3 + 8*g**2 + 9*g - 2. Let i be 3740/420 - (-2)/21. Let n be h(i). Calculate d(n).
-10
Suppose -15*z + 319 = -4*z. Let h(s) = 4 + z*s + 28*s - 3 - 63*s. Give h(2).
-11
Let i(x) = -x**3 - 10*x**2 - 13*x + 16. Let d = 6